{"id":2442,"date":"2025-06-17T08:41:12","date_gmt":"2025-06-17T08:41:12","guid":{"rendered":"https:\/\/www.kirpsukkamoves.fi\/?page_id=2442"},"modified":"2025-10-03T10:07:46","modified_gmt":"2025-10-03T10:07:46","slug":"tilaustunnit-2","status":"publish","type":"page","link":"https:\/\/www.kirpsukkamoves.fi\/?page_id=2442","title":{"rendered":"Tilaustunnit"},"content":{"rendered":"\n<p><title> Erilaisia ryhm\u00e4liikunta, tanssi ja rentoutus tunteja yrityksille, yhteis\u00f6ille, seuroille ja kuntokeskuksille sek\u00e4 ohjelmanumeroksi tapahtumiin ja juhliin. Yll\u00e4t\u00e4 ryhm\u00e4si esim. rivitanssi tai Lavis-Lavatanssijumppa tunnilla. | Kirpsukka Moves<\/title>\n<\/p>\n\n\n\n<p>Liikkuvaa iloa monenlaisiin tilaisuuksiin:<br>yritysjuhlat &amp; tyhy-p\u00e4iv\u00e4t | polttarit | sukujuhlat | syntt\u00e4rit | sek\u00e4 muut juhlat ja tapahtumat<\/p>\n\n\n\n<p>Kirpsukka Moves Liikunta- ja Tapahtumatiimist\u00e4 l\u00f6yd\u00e4t osaajia moneen \u2013 liikunnasta ja tanssista hyvinvointiin, esiintymisest\u00e4 ja juonnoista tapahtumien suunnitteluun.<\/p>\n\n\n\n<p>\ud83d\udc49 <a class=\"\" href=\"https:\/\/www.kirpsukkamoves.fi\/?page_id=2108\">TYHY- ja juhlatarjonta<\/a><br>\ud83d\udc49 <a href=\"https:\/\/www.kirpsukkamoves.fi\/?page_id=2436\" data-type=\"page\" data-id=\"2436\">Kirpsukka Moves Liikunta- ja Tapahtumatiimi<\/a><\/p>\n\n\n\n<p><\/p>\n","protected":false},"excerpt":{"rendered":"<p>Erilaisia ryhm\u00e4liikunta, tanssi ja rentoutus tunteja yrityksille, yhteis\u00f6ille, seuroille ja kuntokeskuksille sek\u00e4 ohjelmanumeroksi tapahtumiin ja juhliin. Yll\u00e4t\u00e4 ryhm\u00e4si esim. rivitanssi tai Lavis-Lavatanssijumppa tunnilla. | Kirpsukka Moves Liikkuvaa iloa monenlaisiin tilaisuuksiin:yritysjuhlat &amp; tyhy-p\u00e4iv\u00e4t | polttarit | sukujuhlat | syntt\u00e4rit | sek\u00e4 muut juhlat ja tapahtumat Kirpsukka Moves Liikunta- ja Tapahtumatiimist\u00e4 l\u00f6yd\u00e4t osaajia moneen \u2013 liikunnasta ja<\/p><\/div>\n<div class=\"blog-btn\"><a href=\"https:\/\/www.kirpsukkamoves.fi\/?page_id=2442\" class=\"home-blog-btn\">Lue lis\u00e4\u00e4<\/a><\/p>\n","protected":false},"author":1,"featured_media":0,"parent":0,"menu_order":0,"comment_status":"closed","ping_status":"closed","template":"","meta":{"footnotes":""},"class_list":["post-2442","page","type-page","status-publish","hentry"],"_links":{"self":[{"href":"https:\/\/www.kirpsukkamoves.fi\/index.php?rest_route=\/wp\/v2\/pages\/2442","targetHints":{"allow":["GET"]}}],"collection":[{"href":"https:\/\/www.kirpsukkamoves.fi\/index.php?rest_route=\/wp\/v2\/pages"}],"about":[{"href":"https:\/\/www.kirpsukkamoves.fi\/index.php?rest_route=\/wp\/v2\/types\/page"}],"author":[{"embeddable":true,"href":"https:\/\/www.kirpsukkamoves.fi\/index.php?rest_route=\/wp\/v2\/users\/1"}],"replies":[{"embeddable":true,"href":"https:\/\/www.kirpsukkamoves.fi\/index.php?rest_route=%2Fwp%2Fv2%2Fcomments&post=2442"}],"version-history":[{"count":6,"href":"https:\/\/www.kirpsukkamoves.fi\/index.php?rest_route=\/wp\/v2\/pages\/2442\/revisions"}],"predecessor-version":[{"id":2614,"href":"https:\/\/www.kirpsukkamoves.fi\/index.php?rest_route=\/wp\/v2\/pages\/2442\/revisions\/2614"}],"wp:attachment":[{"href":"https:\/\/www.kirpsukkamoves.fi\/index.php?rest_route=%2Fwp%2Fv2%2Fmedia&parent=2442"}],"curies":[{"name":"wp","href":"https:\/\/api.w.org\/{rel}","templated":true}]}}