{"id":2168,"date":"2024-10-26T11:01:45","date_gmt":"2024-10-26T11:01:45","guid":{"rendered":"https:\/\/www.kirpsukkamoves.fi\/?page_id=2168"},"modified":"2025-09-26T09:29:24","modified_gmt":"2025-09-26T09:29:24","slug":"sahkopostilista","status":"publish","type":"page","link":"https:\/\/www.kirpsukkamoves.fi\/?page_id=2168","title":{"rendered":"S\u00e4hk\u00f6postilista"},"content":{"rendered":"<title>Liity Kirpsukka Moves s\u00e4hk\u00f6postilistalle ja saat ensimm\u00e4isten joukossa tiedot uusista tapahtumista. | Kirpsukka Moves<\/title>\n\n<p><strong>Kirpsukka Moves s\u00e4hk\u00f6postilistalle<\/strong>\u00a0liitytty\u00e4si saat s\u00e4hk\u00f6postiisi tietoa tulevista kursseista, tapahtumista, tarjouksista ja kampanjoista.<br><a href=\"https:\/\/mailchi.mp\/79ae7e549db7\/kirpsukkamoves\" target=\"_blank\" rel=\"noreferrer noopener\">Liity t\u00e4st\u00e4!<\/a><\/p>\n","protected":false},"excerpt":{"rendered":"<p>Liity Kirpsukka Moves s\u00e4hk\u00f6postilistalle ja saat ensimm\u00e4isten joukossa tiedot uusista tapahtumista. | Kirpsukka Moves Kirpsukka Moves s\u00e4hk\u00f6postilistalle\u00a0liitytty\u00e4si saat s\u00e4hk\u00f6postiisi tietoa tulevista kursseista, tapahtumista, tarjouksista ja kampanjoista.Liity t\u00e4st\u00e4!<\/p>\n","protected":false},"author":1,"featured_media":0,"parent":0,"menu_order":0,"comment_status":"closed","ping_status":"closed","template":"","meta":{"footnotes":""},"class_list":["post-2168","page","type-page","status-publish","hentry"],"_links":{"self":[{"href":"https:\/\/www.kirpsukkamoves.fi\/index.php?rest_route=\/wp\/v2\/pages\/2168","targetHints":{"allow":["GET"]}}],"collection":[{"href":"https:\/\/www.kirpsukkamoves.fi\/index.php?rest_route=\/wp\/v2\/pages"}],"about":[{"href":"https:\/\/www.kirpsukkamoves.fi\/index.php?rest_route=\/wp\/v2\/types\/page"}],"author":[{"embeddable":true,"href":"https:\/\/www.kirpsukkamoves.fi\/index.php?rest_route=\/wp\/v2\/users\/1"}],"replies":[{"embeddable":true,"href":"https:\/\/www.kirpsukkamoves.fi\/index.php?rest_route=%2Fwp%2Fv2%2Fcomments&post=2168"}],"version-history":[{"count":2,"href":"https:\/\/www.kirpsukkamoves.fi\/index.php?rest_route=\/wp\/v2\/pages\/2168\/revisions"}],"predecessor-version":[{"id":2582,"href":"https:\/\/www.kirpsukkamoves.fi\/index.php?rest_route=\/wp\/v2\/pages\/2168\/revisions\/2582"}],"wp:attachment":[{"href":"https:\/\/www.kirpsukkamoves.fi\/index.php?rest_route=%2Fwp%2Fv2%2Fmedia&parent=2168"}],"curies":[{"name":"wp","href":"https:\/\/api.w.org\/{rel}","templated":true}]}}