{"id":2108,"date":"2024-10-25T10:29:08","date_gmt":"2024-10-25T10:29:08","guid":{"rendered":"https:\/\/www.kirpsukkamoves.fi\/?page_id=2108"},"modified":"2025-09-09T10:13:39","modified_gmt":"2025-09-09T10:13:39","slug":"tilaustunnit","status":"publish","type":"page","link":"https:\/\/www.kirpsukkamoves.fi\/?page_id=2108","title":{"rendered":"TYHY- tunnit \/ Yritystunnit \/ Polttarit \/ Juhlat \/ Tapahtumat"},"content":{"rendered":"\n<title> Kirpsukka Moves Liikunta- ja Tapahtumatiimi tarjoaa erilaisia ryhm\u00e4liikunta, tanssi ja rentoutus tunteja my\u00f6s yrityksille, yhteis\u00f6ille, seuroille ja kuntokeskuksille sek\u00e4 ohjelmanumeroksi tapahtumiin ja juhliin.. Yritysjuhlat, tyhy-p\u00e4iv\u00e4t, polttarit, sukujuhlat, syntt\u00e4rit sek\u00e4 muut juhlat ja tapahtumat <\/title>\n<p>Kirpsukka Moves tarjoaa erilaisia ryhm\u00e4liikunta, tanssi ja rentoutus tunteja my\u00f6s yrityksille, yhteis\u00f6ille, seuroille ja kuntokeskuksille sek\u00e4 ohjelmanumeroksi tapahtumiin ja juhliin.<\/p>\n\n\n\n<p><strong>TYHY-TUNNIT \/ KOKOUS- TAI KOULUTUSP\u00c4IVIEN LIIKUNTAHETKET \/ YRITYSTUNNIT<\/strong><br>Hyv\u00e4 ty\u00f6nantaja, laita porukka liikkeelle! Yhdist\u00e4 ty\u00f6 ja hyvinvointi!<br>Kirpsukka Moves tarjoaa monipuolista liikuntaa yritysten tyhy-p\u00e4iviin, kokous- tai koulutusp\u00e4ivien lomaan tai ihan joka viikkoiseksi henkil\u00f6kunnan kuntoiluksi.<br>Yhteinen liikuntahetki tuo iloa, energiaa, hyvinvointia ja piristyst\u00e4 ty\u00f6yhteis\u00f6\u00f6nne. Kunnosta huolehtiminen lis\u00e4\u00e4 henkil\u00f6kohtaista hyvinvointia, auttaa jaksamaan ja v\u00e4hent\u00e4\u00e4 sairauspoissaoloja. <br>Monipuolisesta liikuntatarjonnastamme l\u00f6ytyy sopiva vaihtoehto niin aloittelijoille kuin hyv\u00e4kuntoisillekin. Tunnit voidaan j\u00e4rjest\u00e4\u00e4 yrityksenne omissa tiloissa tai vuokratilassa.<\/p>\n\n\n\n<p><strong>POLTTARIT \/ JUHLAT \/ TAPAHTUMAT<\/strong><br>Haluatko j\u00e4rjest\u00e4\u00e4 ohjelmaa polttareihin, pikkujouluihin, naisteniltaan, sukujuhliin, syntt\u00e4reille tai kes\u00e4juhliin? Tilaustunnit ovat iloista tekemist\u00e4 tutussa porukassa. Kirsi on ohjannut esimerkiksi rivitanssia lukuisissa Kantri teemaisissa juhlissa, Lavista kes\u00e4juhlissa ja joogaa naistenilloissa.<br>Ota yhteytt\u00e4, niin mietit\u00e4\u00e4n juuri teid\u00e4n ryhm\u00e4lle sopivin laji ja milj\u00f6\u00f6.<\/p>\n\n\n\n<p><strong>TANSSISEURAT \/ URHEILUSEURAT \/ KUNTOKESKUKSET<\/strong><br>Liikuntaseurat ja keskukset, oletteko ohjaajaa vailla? Kirsi on ohjannut 20 vuotta rivitanssia ja erilaisien ryhm\u00e4liikuntatuntien ohjauksesta on kokemusta jo 10 vuoden ajalta. Ole yhteydess\u00e4, jos tarvitsette iloisen ja tunnollisen ohjaajan tunteja kalenteriinne.<\/p>\n\n\n\n<p>Tarjolla on lukuisia lajeja:<br>Lavis-Lavatanssijumppa, Vire-Lavis, Allas-Lavis, Tanssiksi, DanceFit, DanceMix, rivitanssi, vesijumppa, kuntojumppa, kahvakuula, YogaFlex, \u00c4\u00e4nimaljarentoutus <br><br><strong>Lis\u00e4tiedot ja varaukset:<\/strong><br>kirsi@kirpsukkamoves.fi<br>040 58 21 789<\/p>\n\n\n\n<p><strong><br><br>Tilaustunnit &amp; tapahtumaohjaukset<\/strong> <br>Etsitk\u00f6 hyv\u00e4n mielen liikuntahetke\u00e4 osaksi juhlaa, tapahtumaa tai ty\u00f6porukan p\u00e4iv\u00e4\u00e4? Kirpsukka Moves tarjoaa liikunnallista ohjelmaa rennolla otteella, vuosien kokemuksella \u2013 olipa kyseess\u00e4 sitten TYKY-p\u00e4iv\u00e4, syntt\u00e4rit, polttarit, h\u00e4\u00e4t tai muu juhlahetki. <br><br>\ud83d\udd38<strong> Yksitt\u00e4iset ohjaukset | Yritykset<\/strong> <strong>Hinnat alkaen 295 \u20ac <\/strong>alv 0%<br>Hintaan vaikuttavat sijainti, ryhm\u00e4n koko, ohjauksen kesto sek\u00e4 mahdolliset tilavuokrat ja \u00e4\u00e4nentoistotarpeet. <br><strong>Pyyd\u00e4 tarjous \u2013 rakennetaan yhdess\u00e4 juuri teille sopiva kokonaisuus!<\/strong> <br><br>\ud83d\udd38<strong> Viikoittaiset ohjaukset | Yritykset<\/strong> <strong>Hinta 179 \u20ac \/ 60 min <\/strong>alv 0%<br>S\u00e4\u00e4nn\u00f6llisesti toistuvat ryhm\u00e4liikuntatunnit ty\u00f6paikoille tai muuhun sovittuun tilaan. Sis\u00e4lt\u00e4\u00e4 suunnittelun ja ohjauksen. <br><br>\ud83d\udd38 <strong>Yksitt\u00e4iset ohjaukset | Henkil\u00f6asiakkaat<\/strong> <strong>Hinnat alkaen 195 \u20ac<\/strong><br>Syntt\u00e4rit, polttarit, yst\u00e4v\u00e4porukan yhteinen liikuntahetki&#8230; suunnittelen liikuntahetken toiveidenne mukaan. Hinta m\u00e4\u00e4r\u00e4ytyy ryhm\u00e4n koon, sijainnin ja keston mukaan.<\/p>\n\n\n\n<p><strong>Kysy rohkeasti lis\u00e4\u00e4 tai pyyd\u00e4 tarjous \u2013 liikutaan ilolla!<\/strong><\/p>\n\n\n\n<p><br><br><br><br><br><\/p>\n","protected":false},"excerpt":{"rendered":"<p>Kirpsukka Moves Liikunta- ja Tapahtumatiimi tarjoaa erilaisia ryhm\u00e4liikunta, tanssi ja rentoutus tunteja my\u00f6s yrityksille, yhteis\u00f6ille, seuroille ja kuntokeskuksille sek\u00e4 ohjelmanumeroksi tapahtumiin ja juhliin.. Yritysjuhlat, tyhy-p\u00e4iv\u00e4t, polttarit, sukujuhlat, syntt\u00e4rit sek\u00e4 muut juhlat ja tapahtumat Kirpsukka Moves tarjoaa erilaisia ryhm\u00e4liikunta, tanssi ja rentoutus tunteja my\u00f6s yrityksille, yhteis\u00f6ille, seuroille ja kuntokeskuksille sek\u00e4 ohjelmanumeroksi tapahtumiin ja juhliin. TYHY-TUNNIT \/<\/p><\/div>\n<div class=\"blog-btn\"><a href=\"https:\/\/www.kirpsukkamoves.fi\/?page_id=2108\" class=\"home-blog-btn\">Lue lis\u00e4\u00e4<\/a><\/p>\n","protected":false},"author":1,"featured_media":0,"parent":0,"menu_order":0,"comment_status":"closed","ping_status":"closed","template":"","meta":{"footnotes":""},"class_list":["post-2108","page","type-page","status-publish","hentry"],"_links":{"self":[{"href":"https:\/\/www.kirpsukkamoves.fi\/index.php?rest_route=\/wp\/v2\/pages\/2108","targetHints":{"allow":["GET"]}}],"collection":[{"href":"https:\/\/www.kirpsukkamoves.fi\/index.php?rest_route=\/wp\/v2\/pages"}],"about":[{"href":"https:\/\/www.kirpsukkamoves.fi\/index.php?rest_route=\/wp\/v2\/types\/page"}],"author":[{"embeddable":true,"href":"https:\/\/www.kirpsukkamoves.fi\/index.php?rest_route=\/wp\/v2\/users\/1"}],"replies":[{"embeddable":true,"href":"https:\/\/www.kirpsukkamoves.fi\/index.php?rest_route=%2Fwp%2Fv2%2Fcomments&post=2108"}],"version-history":[{"count":17,"href":"https:\/\/www.kirpsukkamoves.fi\/index.php?rest_route=\/wp\/v2\/pages\/2108\/revisions"}],"predecessor-version":[{"id":2543,"href":"https:\/\/www.kirpsukkamoves.fi\/index.php?rest_route=\/wp\/v2\/pages\/2108\/revisions\/2543"}],"wp:attachment":[{"href":"https:\/\/www.kirpsukkamoves.fi\/index.php?rest_route=%2Fwp%2Fv2%2Fmedia&parent=2108"}],"curies":[{"name":"wp","href":"https:\/\/api.w.org\/{rel}","templated":true}]}}